{"id":314,"date":"2017-03-31T23:47:03","date_gmt":"2017-03-31T23:47:03","guid":{"rendered":"http:\/\/semty.mx\/ctemty.mx\/?page_id=314"},"modified":"2025-12-09T19:47:16","modified_gmt":"2025-12-09T19:47:16","slug":"arduino-uno","status":"publish","type":"page","link":"https:\/\/semty.mx\/ctemty.mx\/arduino-uno\/","title":{"rendered":"Arduino Uno"},"content":{"rendered":"\t\t<div data-elementor-type=\"wp-page\" data-elementor-id=\"314\" class=\"elementor elementor-314\">\n\t\t\t\t<div class=\"elementor-element elementor-element-e97a5a5 e-con-full e-flex e-con e-parent\" data-id=\"e97a5a5\" data-element_type=\"container\" data-e-type=\"container\" data-settings=\"{&quot;background_background&quot;:&quot;classic&quot;}\">\n\t\t\t\t<\/div>\n\t\t<div class=\"elementor-element elementor-element-d512ad3 e-flex e-con-boxed e-con e-parent\" data-id=\"d512ad3\" data-element_type=\"container\" data-e-type=\"container\">\n\t\t\t\t\t<div class=\"e-con-inner\">\n\t\t\t\t<div class=\"elementor-element elementor-element-307bf05 elementor-widget elementor-widget-text-editor\" data-id=\"307bf05\" data-element_type=\"widget\" data-e-type=\"widget\" data-widget_type=\"text-editor.default\">\n\t\t\t\t\t\t\t\t\t<div class=\"curso-container\"><p><!-- Bloque: T\u00edtulo del curso --><\/p><h1 class=\"curso-titulo titulo-azul\">Curso B\u00e1sico de Programaci\u00f3n con Arduino UNO<\/h1><p><!-- Bloque: Inscripci\u00f3n abierta --><\/p><div class=\"inscripciones\">\u00a1\u00a1\u00a1INSCRIPCIONES ABIERTAS!!!<\/div><p><!-- Bloque: Imagen principal --><br \/><img decoding=\"async\" class=\"imagen-curso\" src=\"http:\/\/semty.mx\/ctemty.mx\/wp-content\/uploads\/2025\/10\/Arduino_Uno_-_R3.png\" alt=\"Arduino UNO\" \/><\/p><p><!-- Bloque: Pr\u00f3ximo inicio --><\/p><div class=\"seccion\"><h3 class=\"titulo-azul\">Pr\u00f3ximo Inicio<\/h3><h1><strong>Enero del 2026<\/strong><\/h1><\/div><p><!-- Bloque: Duraci\u00f3n y horarios --><\/p><div class=\"seccion\"><h3 class=\"titulo-azul\">Duraci\u00f3n y Horarios<\/h3><h2><strong>9 semanas<\/strong><br \/><strong>Horarios de sesiones:<\/strong><\/h2><h2><strong>Martes: 9:00 A.M.\u00a0 a 1:00 P.M. y de 2:00 P.M. a 6:00 P.M.<\/strong><br \/><strong>Jueves: 9:00 A.M.\u00a0 a 1:00 P.M. y de 2:00 P.M. a 6:00 P.M.<\/strong><br \/><strong>S\u00e1bados: 9:00 A.M.\u00a0 a 1:00 P.M. y de 2:00 P.M. a 6:00 P.M.<\/strong><\/h2><\/div><p><!-- Bloque: Costo --><\/p><div class=\"seccion\"><h3 class=\"titulo-azul\">Costo<\/h3><table><tbody><tr><th>Concepto<\/th><th>Precio<\/th><\/tr><tr><td>Inscripci\u00f3n<\/td><td>$600.00<\/td><\/tr><tr><td>Curso<\/td><td>$5,400.00<\/td><\/tr><tr><td>Manual<\/td><td>$350.00<\/td><\/tr><\/tbody><\/table><\/div><p><!-- Bloque: Requisito m\u00ednimo de inscripci\u00f3n --><\/p><h2 class=\"seccion\"><strong>Para iniciar en la fecha programada es necesario que se inscriban al menos 5 participantes.<\/strong><br \/><span style=\"color: #0000ff;\">Forma parte de este grupo \u00a1Inscr\u00edbete ya!<\/span><br \/><a href=\"https:\/\/semty.mx\/ctemty.mx\/contacto\/\"><br \/><button>Inscribirse<\/button><br \/><\/a><\/h2><p><!-- Bloque: Objetivo del curso --><\/p><div class=\"seccion\"><h3 class=\"titulo-azul\">Objetivo del Curso<\/h3><p data-start=\"404\" data-end=\"773\">Abrir las puertas al mundo del <strong data-start=\"435\" data-end=\"497\">dise\u00f1o electr\u00f3nico y la programaci\u00f3n de sistemas embebidos<\/strong> mediante el uso de la <strong data-start=\"520\" data-end=\"546\">plataforma Arduino UNO<\/strong>. A lo largo del curso, los participantes aprender\u00e1n a <strong data-start=\"601\" data-end=\"682\">crear proyectos pr\u00e1cticos con sensores, actuadores y componentes electr\u00f3nicos<\/strong> aplicados a la <strong data-start=\"698\" data-end=\"710\">rob\u00f3tica<\/strong>, la <strong data-start=\"715\" data-end=\"733\">automatizaci\u00f3n<\/strong> y el <strong data-start=\"739\" data-end=\"770\">Internet de las Cosas (IoT)<\/strong>.<\/p><p data-start=\"775\" data-end=\"1282\">El taller est\u00e1 dise\u00f1ado para <strong data-start=\"804\" data-end=\"839\">personas sin experiencia previa<\/strong>, t\u00e9cnicos, docentes, estudiantes y profesionistas de cualquier disciplina que deseen <strong data-start=\"925\" data-end=\"998\">comprender, construir y programar sus propias soluciones tecnol\u00f3gicas<\/strong>. Bajo el acompa\u00f1amiento del <strong data-start=\"1027\" data-end=\"1069\">Centro de Tecnolog\u00eda Electr\u00f3nica (CTE)<\/strong>, los participantes descubrir\u00e1n el potencial creativo de la ingenier\u00eda aplicada, desarrollando paso a paso la confianza y las habilidades necesarias para <strong data-start=\"1223\" data-end=\"1281\">convertir sus ideas en prototipos reales y funcionales<\/strong>.<\/p><\/div><p><!-- Bloque: Temario --><\/p><div class=\"seccion\"><div class=\"temario\"><div class=\"temario-column\"><table style=\"height: 1572px;\" width=\"817\"><thead><tr><th>\u00a0Semana\u00a0\u00a0<\/th><th>Tema<\/th><th>Actividades\u00a0<\/th><\/tr><\/thead><tbody><tr><td>Semana 1<\/td><td>Introducci\u00f3n + Arduino b\u00e1sico<\/td><td><ul><li>Presentaci\u00f3n del microcontrolador<\/li><li>IDE de Arduino<\/li><li>Entradas y salidas digitales.<\/li><li>Entradas anal\u00f3gicas<\/li><li>Encender, apagar y hacer parpadear (blink) un LED.<\/li><\/ul><\/td><\/tr><tr><td>Semana 2<\/td><td>Sensores b\u00e1sicos<\/td><td><ul><li>Uso de un bot\u00f3n\/pulsador<\/li><li>Introducci\u00f3n al convertidor anal\u00f3gico\/digital<\/li><li>Sensor infrarrojo (IR) de proximidad\/objeto<\/li><li>Potenci\u00f3metros<\/li><li>Sensor de luz (LDR)<\/li><li>Sensor de humedad de suelo<\/li><li>Sensor de llama\/flama<\/li><\/ul><\/td><\/tr><tr><td>Semana 3<\/td><td>Sensores Avanzados<\/td><td><ul><li>Lectura de sensor de temperatura\/humedad (DHT11)<\/li><li>Aceler\u00f3metro\/Giroscopio 3 ejes<\/li><li>Sensor de gas \/ calidad de aire<\/li><li>Lectura\/Medici\u00f3n de distancia (HC-SR04)<\/li><li>Introducci\u00f3n a la comunicaci\u00f3n serie<\/li><li>Visualizaci\u00f3n de datos en monitor serie.<\/li><\/ul><\/td><\/tr><tr><td>Semana 4<\/td><td><p>Actuadores b\u00e1sicos<\/p><\/td><td><ul><li>Uso de buzzer (sonido)<\/li><li>Servo motor (control de posici\u00f3n)<\/li><li>Relevador para encender\/apagar alg\u00fan dispositivo sencillo<\/li><li>Controladores para motores de DC peque\u00f1os<\/li><li>Motor DC b\u00e1sico.<\/li><\/ul><\/td><\/tr><tr><td>Semana 5<\/td><td><p>Actuadores Avanzados<\/p><\/td><td><ul><li>Teclados matriciales<\/li><li>Sensor magnetico<\/li><li>Sensor de LLuvia<\/li><li>Sensor de liquidos<\/li><li>modulos de direccion movimiento<\/li><li>Sensores de pulsos\/encoders<\/li><\/ul><\/td><\/tr><tr><td>Semana 6<\/td><td>Comunicaci\u00f3n \/ Visualizaci\u00f3n<\/td><td><ul><li>Comunicaci\u00f3n serie<\/li><li>Usando el monitor de arduino<\/li><li>Enviando datos a la computadora<\/li><li>Display de 7 segmentos<\/li><li>Display seriales<\/li><li>Pantallas (LCD\/OLED)<\/li><li>Mostrar datos de sensores en pantalla (LCD\/OLED)<\/li><\/ul><\/td><\/tr><tr><td>Semana 7<\/td><td>IoT b\u00e1sico<\/td><td><ul><li>Internet de las cosas (IoT)<\/li><li>M\u00f3dulo WiFi,<\/li><li>M\u00f3dulo Bluetooth<\/li><li>M\u00f3dulo ESP32\/Arduino compatible<\/li><li>Enviar datos de sensores a la nube o app<\/li><li>Control remoto de actuador<\/li><\/ul><\/td><\/tr><tr><td>Semana 8<\/td><td>Proyecto de integraci\u00f3n<\/td><td><p>Los participantes dise\u00f1an un proyecto m\u00e1s completo <span style=\"font-family: inherit; font-size: inherit;\">que combine sensores + actuadores + comunicaci\u00f3n.<\/span><\/p><ul><li>Sistema de riego automatizado<\/li><li>Monitoreo de ambiente remoto<\/li><li>Alarma de movimiento con notificaci\u00f3n<\/li><li>Maquina vending<\/li><li>Carro seguidor de lineas<\/li><li>Carro evita obstaculos<\/li><li>Carro seguidor de luz<\/li><li>Medidor de distancia<\/li><li>Llenado automatico<\/li><li>Riego automatico<\/li><li>proyecto que el participante quiera realizar<\/li><\/ul><\/td><\/tr><tr><td>Semana 9<\/td><td>Presentaciones finales y mejoras<\/td><td><ul><li>Cada participante presenta su proyecto<\/li><li>Se proponen mejoras,<\/li><li>Se discuten posibilidades de extensi\u00f3n.<\/li><li>Cierre, entrega de diplomas de participaci\u00f3n.<\/li><\/ul><\/td><\/tr><\/tbody><\/table><\/div><\/div><\/div><p><!-- Bloque: Ubicaci\u00f3n e instalaciones --><\/p><div class=\"seccion\"><h3 class=\"titulo-azul\">Ubicaci\u00f3n e Instalaciones<\/h3><p>Los invitamos a conocer las instalaciones de CTE y ver el contenido y materiales con los que se trabajar\u00e1 en el desarrollo del curso.<\/p><p>Estamos ubicados en Keramos 314, Colonia del Prado, zona detr\u00e1s de la Plaza de Toros Monumental Monterrey, a 5 minutos de la UNI.<\/p><p>Tel\u00e9fono: 81 8372 4777<\/p><p>WhatsApp: +52 990 392 0034<\/p><\/div><p><!-- Bloque: Requisitos --><\/p><div class=\"seccion\"><h3 class=\"titulo-azul\">Requisitos<\/h3><ul><li>A partir de 12 a\u00f1os<\/li><li>Computadora<\/li><li>Placa Arduino UNO<\/li><li>Kit de sensores b\u00e1sico<\/li><li>Recomendamos que el estudiante tenga la placa arduino uno y el kit de sensores. si no lo tiene en el taller le proporcionamos lo necesario para hacer las practicas en el centro.<\/li><\/ul><\/div><p><!-- Bloque: Formas de pago --><\/p><div class=\"seccion\"><h3 class=\"titulo-azul\">Formas de pago<\/h3><p>Puede realizar el pago en nuestras instalaciones, hacer dep\u00f3sito o transferencia bancaria (solicitar datos por correo).<\/p><p>Tenemos la opci\u00f3n de pagar el curso en pagos semanales.<\/p><p class=\"nota\">Pasada la segunda sesi\u00f3n de curso, si el estudiante decide no asistir, no hay devoluci\u00f3n de lo pagado.<\/p><\/div><\/div>\t\t\t\t\t\t\t\t<\/div>\n\t\t\t\t\t<\/div>\n\t\t\t\t<\/div>\n\t\t\t\t<\/div>\n\t\t","protected":false},"excerpt":{"rendered":"<p>Curso B\u00e1sico de Programaci\u00f3n con Arduino UNO \u00a1\u00a1\u00a1INSCRIPCIONES ABIERTAS!!! Pr\u00f3ximo Inicio Enero del 2026 Duraci\u00f3n y Horarios 9 semanasHorarios de sesiones: Martes: 9:00 A.M.\u00a0 a 1:00 P.M. y de 2:00 P.M. a 6:00 P.M.Jueves: 9:00 A.M.\u00a0 a 1:00 P.M. y de 2:00 P.M. a 6:00 P.M.S\u00e1bados: 9:00 A.M.\u00a0 a 1:00 P.M. y de 2:00 P.M. [&hellip;]<\/p>\n","protected":false},"author":3,"featured_media":0,"parent":0,"menu_order":0,"comment_status":"closed","ping_status":"closed","template":"elementor_header_footer","meta":{"ocean_post_layout":"","ocean_both_sidebars_style":"","ocean_both_sidebars_content_width":0,"ocean_both_sidebars_sidebars_width":0,"ocean_sidebar":"0","ocean_second_sidebar":"0","ocean_disable_margins":"enable","ocean_add_body_class":"","ocean_shortcode_before_top_bar":"","ocean_shortcode_after_top_bar":"","ocean_shortcode_before_header":"","ocean_shortcode_after_header":"","ocean_has_shortcode":"","ocean_shortcode_after_title":"","ocean_shortcode_before_footer_widgets":"","ocean_shortcode_after_footer_widgets":"","ocean_shortcode_before_footer_bottom":"","ocean_shortcode_after_footer_bottom":"","ocean_display_top_bar":"default","ocean_display_header":"default","ocean_header_style":"","ocean_center_header_left_menu":"0","ocean_custom_header_template":"0","ocean_custom_logo":0,"ocean_custom_retina_logo":0,"ocean_custom_logo_max_width":0,"ocean_custom_logo_tablet_max_width":0,"ocean_custom_logo_mobile_max_width":0,"ocean_custom_logo_max_height":0,"ocean_custom_logo_tablet_max_height":0,"ocean_custom_logo_mobile_max_height":0,"ocean_header_custom_menu":"0","ocean_menu_typo_font_family":"0","ocean_menu_typo_font_subset":"","ocean_menu_typo_font_size":0,"ocean_menu_typo_font_size_tablet":0,"ocean_menu_typo_font_size_mobile":0,"ocean_menu_typo_font_size_unit":"px","ocean_menu_typo_font_weight":"","ocean_menu_typo_font_weight_tablet":"","ocean_menu_typo_font_weight_mobile":"","ocean_menu_typo_transform":"","ocean_menu_typo_transform_tablet":"","ocean_menu_typo_transform_mobile":"","ocean_menu_typo_line_height":0,"ocean_menu_typo_line_height_tablet":0,"ocean_menu_typo_line_height_mobile":0,"ocean_menu_typo_line_height_unit":"","ocean_menu_typo_spacing":0,"ocean_menu_typo_spacing_tablet":0,"ocean_menu_typo_spacing_mobile":0,"ocean_menu_typo_spacing_unit":"","ocean_menu_link_color":"","ocean_menu_link_color_hover":"","ocean_menu_link_color_active":"","ocean_menu_link_background":"","ocean_menu_link_hover_background":"","ocean_menu_link_active_background":"","ocean_menu_social_links_bg":"","ocean_menu_social_hover_links_bg":"","ocean_menu_social_links_color":"","ocean_menu_social_hover_links_color":"","ocean_disable_title":"on","ocean_disable_heading":"default","ocean_post_title":"","ocean_post_subheading":"","ocean_post_title_style":"","ocean_post_title_background_color":"","ocean_post_title_background":0,"ocean_post_title_bg_image_position":"","ocean_post_title_bg_image_attachment":"","ocean_post_title_bg_image_repeat":"","ocean_post_title_bg_image_size":"","ocean_post_title_height":0,"ocean_post_title_bg_overlay":0.5,"ocean_post_title_bg_overlay_color":"","ocean_disable_breadcrumbs":"default","ocean_breadcrumbs_color":"","ocean_breadcrumbs_separator_color":"","ocean_breadcrumbs_links_color":"","ocean_breadcrumbs_links_hover_color":"","ocean_display_footer_widgets":"default","ocean_display_footer_bottom":"default","ocean_custom_footer_template":"0","_joinchat":[],"footnotes":""},"class_list":["post-314","page","type-page","status-publish","hentry","entry"],"_links":{"self":[{"href":"https:\/\/semty.mx\/ctemty.mx\/wp-json\/wp\/v2\/pages\/314","targetHints":{"allow":["GET"]}}],"collection":[{"href":"https:\/\/semty.mx\/ctemty.mx\/wp-json\/wp\/v2\/pages"}],"about":[{"href":"https:\/\/semty.mx\/ctemty.mx\/wp-json\/wp\/v2\/types\/page"}],"author":[{"embeddable":true,"href":"https:\/\/semty.mx\/ctemty.mx\/wp-json\/wp\/v2\/users\/3"}],"replies":[{"embeddable":true,"href":"https:\/\/semty.mx\/ctemty.mx\/wp-json\/wp\/v2\/comments?post=314"}],"version-history":[{"count":157,"href":"https:\/\/semty.mx\/ctemty.mx\/wp-json\/wp\/v2\/pages\/314\/revisions"}],"predecessor-version":[{"id":834,"href":"https:\/\/semty.mx\/ctemty.mx\/wp-json\/wp\/v2\/pages\/314\/revisions\/834"}],"wp:attachment":[{"href":"https:\/\/semty.mx\/ctemty.mx\/wp-json\/wp\/v2\/media?parent=314"}],"curies":[{"name":"wp","href":"https:\/\/api.w.org\/{rel}","templated":true}]}}